34527 prime?
False
Is 12676619 prime?
True
Is 48779877 prime?
False
Is 366900697 prime?
False
Is 15897293 composite?
False
Is 48267497 a composite number?
True
Is 19266783 a prime number?
False
Is 12978473 prime?
False
Is 42557839 a composite number?
True
Is 204629 composite?
True
Is 94652893 composite?
False
Is 13857731 a prime number?
True
Is 18975871 prime?
True
Is 482927 prime?
False
Is 23002501 prime?
True
Is 680009773 a prime number?
True
Is 32151101 composite?
False
Is 8744245 composite?
True
Is 78933883 prime?
False
Is 27204477 a prime number?
False
Is 8997083 composite?
False
Is 106649 a prime number?
True
Is 658428629 prime?
False
Is 503819 a composite number?
False
Is 9916129 a composite number?
False
Is 105491 a prime number?
True
Is 30547837 a prime number?
False
Is 2247383 a prime number?
False
Is 623261 a composite number?
False
Is 6820271 a prime number?
False
Is 2500279 prime?
False
Is 39481301 a composite number?
True
Is 282873 composite?
True
Is 42796999 composite?
True
Is 735396029 prime?
True
Is 1010239 a prime number?
False
Is 40713983 prime?
True
Is 11607631 prime?
False
Is 2479129 a composite number?
False
Is 40326233 prime?
True
Is 3346051 a prime number?
False
Is 15281269 a prime number?
False
Is 1037779 composite?
True
Is 186217789 composite?
False
Is 49826653 a composite number?
True
Is 1345163 prime?
False
Is 8801999 a composite number?
False
Is 117866159 prime?
False
Is 4124009 prime?
True
Is 975101 composite?
True
Is 440471 prime?
True
Is 2859379 a composite number?
True
Is 837373281 a composite number?
True
Is 7885051 composite?
False
Is 3499707 prime?
False
Is 9273739 prime?
True
Is 364229 prime?
False
Is 185461519 composite?
False
Is 12035959 a composite number?
True
Is 10601483 a prime number?
True
Is 147232909 prime?
True
Is 142386869 a composite number?
False
Is 19728943 composite?
True
Is 5109371 composite?
False
Is 80787611 a prime number?
True
Is 43232723 a prime number?
True
Is 181695211 composite?
True
Is 425105 a composite number?
True
Is 97053443 a prime number?
False
Is 1377881 prime?
True
Is 1551859 a composite number?
False
Is 207488027 composite?
False
Is 29369759 a composite number?
True
Is 238267 composite?
False
Is 8838205 prime?
False
Is 56502463 a composite number?
False
Is 200658433 a composite number?
True
Is 17335713 a prime number?
False
Is 139408807 a prime number?
True
Is 65790383 composite?
True
Is 3798203 prime?
False
Is 7312127 a prime number?
True
Is 33699917 a prime number?
False
Is 214784033 a prime number?
False
Is 4018169 composite?
True
Is 6089747 a composite number?
True
Is 70668863 composite?
False
Is 64360711 composite?
False
Is 873329 a prime number?
False
Is 137952641 prime?
True
Is 154531 a composite number?
True
Is 33849121 prime?
True
Is 1904939 a composite number?
False
Is 11597 a composite number?
False
Is 83715477 a composite number?
True
Is 243587177 a composite number?
True
Is 372751247 a prime number?
False
Is 768727 a prime number?
True
Is 186841 a prime number?
True
Is 51947629 a composite number?
True
Is 7183833 composite?
True
Is 430393 composite?
False
Is 20876851 prime?
True
Is 11552097 prime?
False
Is 335899 prime?
False
Is 7049039 composite?
False
Is 33805589 prime?
True
Is 351269983 a composite number?
False
Is 743252383 composite?
True
Is 2051041 composite?
False
Is 3186041 composite?
False
Is 133895539 composite?
False
Is 50324963 composite?
True
Is 18250753 a composite number?
True
Is 393973579 composite?
True
Is 13509601 a composite number?
True
Is 93655 a composite number?
True
Is 7783367 a composite number?
True
Is 71801593 a prime number?
False
Is 9732253 prime?
False
Is 6495079 prime?
True
Is 2345699 composite?
False
Is 190679927 a composite number?
False
Is 2402273 a prime number?
False
Is 39567427 a prime number?
False
Is 8695811 composite?
True
Is 5069681 a composite number?
False
Is 61570831 composite?
True
Is 2908429 a prime number?
True
Is 270299 a composite number?
False
Is 21208319 prime?
False
Is 134110481 a prime number?
False
Is 114002797 a composite number?
False
Is 4677241 prime?
True
Is 37251439 a composite number?
False
Is 29621301 a prime number?
False
Is 1083226 composite?
True
Is 3147839 a composite number?
True
Is 9149137 a composite number?
True
Is 782107 composite?
False
Is 4827763 a prime number?
True
Is 31243883 a composite number?
True
Is 80455987 composite?
False
Is 154493299 a composite number?
False
Is 2030351 composite?
True
Is 31597591 a prime number?
False
Is 28760389 a composite number?
True
Is 2256299 composite?
False
Is 91585283 composite?
True
Is 131022769 a prime number?
False
Is 63210311 composite?
False
Is 85652027 a prime number?
True
Is 17216011 a prime number?
True
Is 3158951 composite?
False
Is 179182901 a prime number?
False
Is 3396779 prime?
False
Is 120093503 prime?
True
Is 4499393 a composite number?
True
Is 2009491 composite?
True
Is 496627 a composite number?
True
Is 28809553 a prime number?
True
Is 918301 prime?
True
Is 489283 a prime number?
True
Is 2633926 a composite number?
True
Is 1841747 a composite number?
True
Is 17830783 prime?
True
Is 9797413 a composite number?
False
Is 72491149 a composite number?
True
Is 2182709 composite?
False
Is 169398079 a composite number?
False
Is 113128151 a prime number?
False
Is 34368787 prime?
False
Is 72235931 a prime number?
True
Is 34619537 prime?
False
Is 5339081 composite?
True
Is 56296222 a prime number?
False
Is 313654934 prime?
False
Is 334136417 prime?
True
Is 4113661 prime?
True
Is 553701 prime?
False
Is 30631 prime?
True
Is 10201103 prime?
False
Is 1062811 prime?
False
Is 28267979 a prime number?
True
Is 13499579 composite?
True
Is 320817947 prime?
False
Is 115772791 a prime number?
True
Is 144350729 composite?
False
Is 2591987 composite?
False
Is 2679991 a composite number?
True
Is 110296787 a prime number?
True
Is 544031 prime?
True
Is 66992743 prime?
True
Is 15647483 a prime number?
False
Is 11693537 a composite number?
True
Is 301726781 a composite number?
False
Is 60396569 prime?
False
Is 64796863 a prime number?
True
Is 7707937 prime?
False
Is 53141731 a composite number?
True
Is 33697973 a prime number?
False
Is 7750807 composite?
False
Is 4139089 prime?
False
Is 181542203 composite?
False
Is 108367573 a composite number?
False
Is 28787965 composite?
True
Is 620772973 a prime number?
True
Is 248765331 prime?
False
Is 1786427 a composite number?
True
Is 1088209 a composite number?
False
Is 41211517 a composite number?
True
Is 200737637 a composite number?
False
Is 1163690873 composite?
True
Is 1081541 a prime number?
True
Is 82875743 prime?
True
Is 3249171815 a composite number?
True
Is 13406579 a prime number?
True
Is 58066433 composite?
False
Is 2912621 a prime number?
True
Is 2115391 a prime number?
False
Is 55199539 a composite number?
True
Is 16311049 prime?
True
Is 85713 prime?
False
Is 11193503 composite?
True
Is 29849657 prime?
True
Is 1186359 composite?
True
Is 19358147 a prime number?
True
Is 119390729 a composite number?
True
Is 25629127 a prime number?
False
Is 1647187 prime?
False
Is 9214229 a composite number?
True
Is 9367601 prime?
False
Is 2955443 a composite number?
False
Is 5951749 a composite number?
False
Is 7998091 prime?
True
Is 5356573 a prime number?
False
Is 1003621 prime?
True
Is 1034679 a prime number?
False
Is 218861879 a composite number?
False
Is 2766287 prime?
True
Is 1948091 a composite number?
False
Is 574714379 prime?
True
Is 6071099 a prime number?
True
Is 41166641 a composite number?
False
Is 181564003 a composite number?
False
Is 17173049 a composite number?
False
Is 1354427 a prime number?
False
Is 149027947 prime?
True
Is 58254167 a prime number?
True
Is 4606639 a prime number?
True
Is 13922993 a prime number?
False
Is 464631 prime?
False
Is 946103 a prime number?
False
Is 2607217 a prime number?
True
Is 144364151 composite?
False
Is 31967269 a prime number?
False
Is 26635571 composite?
True
Is 1042003 composite?
True
Is 152430737 a prime number?
False
Is 177854447 composite?
True
Is 54564583 a composite number?
False
Is 1244603 prime?
True
Is 702570551 a prime number?
True
Is 1564171435 composite?
True
Is 1379069 a composite number?
False
Is 5797689 a prime number?
False
Is 4231669 a composite numbe